te (4 - 0) + 3 + -2 + -5.
0
Evaluate (-9 - -8) + (-8 - -5).
-4
What is -6 + (-19 - -24) + -1 + 9?
7
What is 62 - 55 - (8 + 2)?
-3
Evaluate -1 + (-5 + 3 - 7 - -4).
-6
Calculate (0 - -3) + -8 + 1.
-4
Calculate -4 - (-2 - (3 + 0 + -2)).
-1
Calculate 0 - (-4 + 2 + 0).
2
What is the value of 11 - (-2 - (-6 - (0 - -3)))?
4
What is (-10 - (-2 + -2)) + 1?
-5
What is 4 + (0 - 2 - 5) + 1?
-2
Calculate -81 - -79 - (-1 + -1 - -2).
-2
Evaluate -3 + (6 - -1) + -3 - 4.
-3
Calculate (-6 + 1 - 1) + (3 - 0).
-3
What is -1 + 1 + (-4 - -4)?
0
(1 - ((-1 - 2) + 1)) + -4
-1
Evaluate 5 - 5 - (-2 - -1).
1
Calculate (3 - -1) + 5 + -5.
4
Calculate (-1 - -2) + 0 + 4 + -4.
1
What is the value of (0 - 5 - -16) + -6?
5
10 + (-10 - -1 - 6)
-5
4 + -7 - 3 - -5
-1
What is 1 - -2 - 2 - (3 - -3)?
-5
Evaluate 0 + -2 - ((-8 - 7) + 9).
4
What is the value of (2 - 0) + 0 - 3?
-1
Calculate 73 - 77 - (3 + 0).
-7
22 + -21 + (3 - 9) + 5
0
What is 2 + (2 - 0) + 1 + -2?
3
(-1 + -2 - 2) + 10
5
Calculate (15 - (14 + 2)) + (-2 - -1).
-2
What is 0 - (-2 - 0) - (194 - 183)?
-9
1 - (8 + -17 + 6)
4
5 + -3 + (26 - 36)
-8
-2 - 14 - 0 - -6 - -4
-6
Evaluate (-11 - -5) + -6 + 17.
5
What is the value of (8 - 2) + -3 + (-9 - -4)?
-2
Evaluate 0 - (3 - 3 - 4) - -4.
8
-2 + (-10 - -6) - (-1 - -6)
-11
(5 - 4) + (-4 - -1)
-2
What is -3 - ((-1 - (-4 + 0)) + -7)?
1
Calculate -124 + 135 + (-3 - 1).
7
What is -5 - -2 - (2 + -8 + 3)?
0
Evaluate -1 + -1 + 1 + -8 + 10.
1
What is the value of -5 + 15 + -3 - 2?
5
Evaluate -17 - (-1 + -10) - -14.
8
Calculate (-7 + -2 - -6) + 2 + 3.
2
Evaluate -1 + 5 + (-2 - -3) + -9.
-4
-7 + (7 - (0 - 2))
2
(6 - 3) + -1 + -7
-5
Calculate -3 + (-2 - -1 - -6).
2
What is the value of 2 - 2 - -3 - -2?
5
What is -1 - (-7 + 10 - 4 - 2)?
2
What is 1 - (2 + 2) - (-1 + -4)?
2
-7 + (-3 - -7) + 4 - 6
-5
Calculate (-5 - 1) + -6 + 8.
-4
What is (35 - 23 - (0 + 7)) + 3?
8
3 - 6 - -3 - (2 - -1)
-3
What is the value of 5 - (4 - (5 - (7 + -7)))?
6
Calculate -1 + -6 + 2 + 4.
-1
-21 + 20 - (-8 - 0)
7
Calculate -6 + (-10 - -2) + 6.
-8
What is -4 + 9 - 8 - -5?
2
Calculate -5 - (-4 + (4 - 2)).
-3
-6 - 0 - (-41 + 43)
-8
Calculate (-1 - -1) + 0 + 1.
1
1 - (1 - 1 - (-2 + 5))
4
What is 5 + -1 - 3 - 2?
-1
What is the value of 0 - (-3 + (-2 - -2))?
3
What is 2 + (4 - (-8 + 8))?
6
What is the value of 13 - (5 - (-9 - (-6 + -5)))?
10
Evaluate 0 + (1 - (-3 + 2 + 2)).
0
What is the value of 3 - (2 + -9 - (3 - 14))?
-1
4 + 7 + -8 + (0 - -2)
5
Calculate -1 + (5 - 3) - 5 - -1.
-3
What is the value of (-5 - (1 + -2 - 6)) + 0?
2
What is the value of 1 + -1 - (-9 - (-4 - 0))?
5
Calculate -2 - (-11 - -22 - 10).
-3
Calculate (-2 - (-5 + 2)) + -2 + 0.
-1
What is the value of 3 + (2 + -2 - -2)?
5
Calculate (7 + -11 - (-5 + -1)) + 3.
5
What is (-5 - -10) + (-13 - -4)?
-4
Calculate 1 + 0 + (3 - 6 - -7).
5
What is 6 + 3 + -3 - 2?
4
What is the value of 4 + -8 + 5 + -1 - -1?
1
What is the value of 2 - (9 + -4 + -4 + -3)?
4
What is the value of -3 + 6 + 6 - 8?
1
What is the value of 59 - 72 - (-24 - -1)?
10
Evaluate (-1 - -4) + 0 - (5 - 2).
0
Calculate (-1 - -1) + (-98 - -104).
6
-3 + (-4 - -15) - 3
5
What is the value of 0 + (3 - 10) + (-6 - -4)?
-9
What is (-4 - 0) + 2 + (7 - 5)?
0
Calculate (-12 - -26) + -9 + 3.
8
Evaluate -8 + 5 + -6 + 6.
-3
Evaluate -5 + 1 + 8 + -13.
-9
Calculate -4 - -6 - (-2 + -1 - -1).
4
Calculate 1 + -13 + -2 + 13.
-1
What is (3 - 2) + -9 + 10?
2
Calculate 0 + 7 + (5 - 5) - 3.
4
93 + -81 + (1 - 5)
8
What is 1 - (6 - (-8 - -9))?
-4
What is the value of -6 - (2 - (4 - 0))?
-4
Calculate (-10 - (-7 + 1)) + (4 - 2).
-2
What is the value of -3 - -8 - (-1 + 5)?
1
What is 9 + (-12 - -2) + 1?
0
Evaluate -5 + -2 + -3 + 6.
-4
Evaluate 15 + -2 + -5 + 0.
8
What is (8 - -3) + -9 + -3 + 5?
4
Calculate 102 + -113 - (2 - 3 - -1).
-11
What is the value of (4 - 3) + 5 + 0 + -3?
3
What is -5 - -5 - (1 - -3)?
-4
What is the value of 16 - (-7 + 15) - 4?
4
What is the value of 1 + (13 - (5 + 8))?
1
What is the value of 1 - 5 - ((12 - 7) + -4)?
-5
What is -12 - (4 - 17) - -7?
8
What is the value of -3 - (1 + 2 - 7)?
1
Evaluate 3 + -1 + -7 + 8.
3
What is (-30 - -27) + 1 + -4?
-6
What is the value of 1 + (0 - -4) + -3 + 0?
2
(-11 - -16) + -7 + 6 + 0
4
Calculate -6 - (6 + -6) - -3.
-3
What is the value of -20 - -18 - (0 - -3)?
-5
Evaluate (-5 - -26) + -13 - 12.
-4
Calculate -4 - (-1 - 3) - -1.
1
-8 - -6 - (-11 + 2)
7
What is -2 + 0 - (1 + 1)?
-4
Calculate -9 + 8 + 3 + -3.
-1
0 + -1 + 3 + (1 - 3)
0
Calculate (-6 + -1 - -1) + 13.
7
6 - (6 - -12 - 7)
-5
Evaluate -4 + -3 + 14 - 11.
-4
What is 11 - 3 - 4 - -4?
8
5 - (-6 - -14) - (-6 + -3)
6
What is (-6 - (-8 - -9)) + 1?
-6
What is the value of 6 + (-6 - -6 - 1)?
5
Evaluate 1 + -3 + 1 - -3.
2
What is 5 + -2 + 4 + -13 + 4?
-2
Calculate 2 + -13 + (3 - (-13 - -12)).
-7
What is -2 - (2 + (0 - 3) + -2)?
1
0 - (-2 + -2 - -5)
-1
Calculate 8 + -16 + (9 - 4).
-3
What is -6 + (1 - 1 - -3)?
-3
What is the value of -1 + -10 - ((-34 - -15) + 15)?
-7
What is 107 + -108 + (1 + -1 - 0)?
-1
What is the value of (7 - (10 + 3)) + -2?
-8
What is 2 - (1 + -2 + 3)?
0
Evaluate -2 + 1 + 10 - 16.
-7
Calculate 15 - (1 + -10 + 16).
8
Evaluate -1 - (-14 + 7 - -7).
-1
What is the value of (7 - (-14 - -25)) + 1?
-3
What is (5 - (-2 + 7)) + 8?
8
Evaluate -1 + 6 + 2 + -1 + -2.
4
(14 - 10) + -9 - (1 + -7)
1
What is 5 + (-6 + 3 - -1)?
3
What is 3 + (-1 - -5) + -4?
3
What is -2 + 7 - 3 - -3?
5
Evaluate 3 + 5 + -9 + (1 - 1).
-1
Calculate (5 - 8) + 0 + (6 - 0).
3
-1 + 2 + -6 + 1
-4
What is (1 - 0 - 3) + (6 - 4)?
0
Calculate -4 - (-3 - (3 - 2 - 0)).
0
What is 11 - (3 - (-1 + -1))?
6
What is the value of -1 - (-8 - (7 - 15))?
-1
What is (-1 + 3 - (-4 - -8)) + 2?
0
Evaluate 8 - (8 - -1) - 6.
-7
Calculate -1 + 6 + 53 + -59.
-1
-7 - (7 - (4 - (7 + -20)))
3
What is the value of -2 - 0 - (4 + -8 + 3)?
-1
Calculate (-11 - (0 - 21)) + 1 + -7.
4
What is (4 - 0) + 5 + (-8 - -3)?
4
What is the value of 2 - ((4 - 0) + -5)?
3
What is 28 + -40 - (-8 + 1)?
-5
(-1 - (0 + -5 + 4)) + 6
6
What is the value of -2 - (-4 + 2 + -2)?
2
Evaluate (2 - (1 - -10)) + (1 - 0).
-8
3 + -2 + (-6 - (1 + -1))
-5
What is (-14 + 2 - -2) + -25 + 30?
-5
Evaluate 5 + (-2 + -3 - (7 - 7)).
0
Calculate (6 - -4) + 0 - 6.
4
9 - (-7 + 4 + 9)
3
Calculate 0 - 3 - (3 - (-6 - -6)).
-6
What is the value of -1 + 7 - 8 - 3?
-5
Evaluate 59 - 69 - (2 + -11).
-1
Evaluate -6 + (1 - 2 - (-13 - -9)).
-3
8 + -4 + (6 - 12)
-2
6 + (0 - (-6 + 5))
7
Calculate -15 + (30 - 3) + -7.
5
Evaluate 1 + 3 + 2 + -2 + -3.
1
Calculate -3 + (-3 - -6) + (12 - 13).
-1
What is the value of -3 + 1 - (0 + -4) - -2?
4
Calculate -1 + (-18 - -9 - (-5 - -1)).
-6
(-5 + 9 - (2 - -2)) + 1
1
What is (-10 - -3) + (-3 - -19)?
9
What is -2 + (-1 - 0) + -1?
-4
What is the value of -2 + 3 - -4 - (2 - 0)?
3
Calculate -2 + 5 + (-5 - (6 - 3)).
-5
What is the value of 12 - (7 + 2 - 2)?
5
What is the value of 12 + -17 - -1 - (-1 - -2)?
-5
Evaluate -6 + -8 + -1 + 13.
-2
What is -6 + 16 + (-6 - 4)?
0
(-5 - -5) + 2 - 0 - 0
2
6 + 5 + -9 + 2
4
Evaluate -4 + (0 - 0) + 4.
0
9 - (6 + -7 - -3)
7
0 + 2 + 6 - (-10 - -15)
3
Calculate 2 - (-8 + 3) - 5.
2
-8 + 16 - 0 - (7 - 0)
1
Evaluate 3 + (-1 + -4 - -9 - 1).
6
4 - (-4 + -5 + 10) - 5
-2
What is the value of -6 - (5 - ((0 - 1) + 13))?
1
Calculate 5 + (-6 - 5) + 6.
0
What is the value of -18 - -17 - (-1 - 0)?
0
Evaluate -1 + 11 + -5 + 0.
5
What is (-1 - 6) + (67 - 62)?
-2
Evaluate -2 - (-3 + 0 + 3).
-2
5 - (7 + (-1 - 4)) - 5
-2
What is 4 + (0 + 4 + -4 - 1)?
3
What is the value of -4 - 1 - (9 - (18 - 5))?
-1
What is the value of -1 - (2 + -2) - (0 - 0)?
-1
Evaluate (13 + -44 - -12) + 13.
-6
Evaluate (2 - 3) + (0 - 8) + 17.
8
What is the value of -12 + 0 - (-72 - -64)?
-4
What is -1 - (-1 - (-8 + (14 - 2)))?
4
What is the value of (11 - (11 - -11)) + 18?
7
What is the value of -1 - (-1 + -2 - -4)?
-2
Calculate -6 + -1 + (2 - (4 + -4)).
-5
Evaluate (0 - -8) + -2 + -4.
2
Evaluate 2 + -6 + (-1 - -4).
-1
Evaluate 4 + (-3 - (-11 - -6)) + -12.
-6
(-11 + -2 - -8) + 10
5
What is the value of (-4 - -5 - 4) + (-1 - 0)?
-4
Calculate 11 - 14 - (1 - -2 - -2).
-8
What is -1 + -1 + 2 + 3?
3
What is (2 - -5) + 3 + -4?
6
Calculate 1 + 2 + (-3 - -5).
5
What is the value of -6 + (-2 - (-16 - -7))?
1
Calculate (1 - 2) + (24 - 20).
3
Evaluate 98 - 90 - (2 - 2).
8
Evaluate 1 - -3 - (-1 - -4).
1
Calculate -